et t(a) = 12*a + 9. What are the prime factors of t(24)?
3, 11
Let b(a) = 2*a + 43. Let i be b(-21). Let c(w) = 39*w**2 - w + 1. What are the prime factors of c(i)?
3, 13
Let m = -1896 + 3081. List the prime factors of m.
3, 5, 79
Let x be (-4)/12*-6 - -4. Suppose f - x*f + 440 = 0. List the prime factors of f.
2, 11
Suppose -7*v - 90 = -12*v. Suppose -v*w = -16*w - 202. List the prime factors of w.
101
Let b be 4 + 3*(4 + -2). Suppose -267 = b*k - 1157. List the prime factors of k.
89
Let n(c) = c - c**3 - 3*c + 11*c**2 - 6*c + 0*c - 14. List the prime factors of n(7).
2, 3, 7
Suppose 0 = 3*c - 4*d - 2143, -2*c + 5*d + 1424 = -0*c. List the prime factors of ((-3)/3)/((-3)/c).
239
Let z be (88/9 + 22/99)/(-1). Let u(r) = -r**3 - 13*r**2 - 35*r + 13. What are the prime factors of u(z)?
3, 7
Suppose -2*m + 3*m - 24 = -4*l, -m = l - 9. Let j(q) = q - 3. Let u be j(m). Let o(g) = 14*g**2 - g. List the prime factors of o(u).
13
Suppose 3*h = 6, -3*h = x - 2*x - 12. What are the prime factors of 9*2 - 12/x?
2, 5
What are the prime factors of (-62718)/(-66) + 15/(-55)?
2, 5, 19
Let b(w) = w**2 + 8*w + 8. Let i be b(-7). Let y = i + 9. What are the prime factors of y?
2, 5
List the prime factors of (-13 + 11)*(-12768)/7.
2, 3, 19
Suppose -18 = -4*a + 3*c, 0 = -5*a + 3*c + 5 + 16. Let d(u) = 7 - 3*u + a + u. What are the prime factors of d(-10)?
2, 3, 5
Let l be (0 - -1)/(1 - 2). Let y(x) = -20*x + 2. What are the prime factors of y(l)?
2, 11
Let b be 119/35 - 2/5. What are the prime factors of 9/(-6)*(b*-4 + -2)?
3, 7
Suppose 7*z = 4*z. Suppose z = 7*o - 4*o - 12. Suppose o*n = -n + 200. List the prime factors of n.
2, 5
Suppose -30*n = -28*n - 138. List the prime factors of n.
3, 23
Let j(g) = 320*g - 948. List the prime factors of j(11).
2, 643
Let n(j) = -j**3 - 6*j**2 + 2. Let i be n(-6). Suppose -5*f = -a - 956 - 91, -i*f + 414 = -2*a. What are the prime factors of f?
2, 3, 5, 7
Let j(r) = -r**2 - 31*r - 9. Let f be j(-8). What are the prime factors of (f + -2)/(2 + -1)?
173
Let g = -154 - -60. Let d = g - -142. List the prime factors of d.
2, 3
Let q(a) = -17*a - 1. Let b be q(1). Let c = b - -23. Suppose -c*s + 306 - 81 = 0. What are the prime factors of s?
3, 5
Let r(w) = -14*w + 940. What are the prime factors of r(0)?
2, 5, 47
Let x(q) = 83*q + 28. List the prime factors of x(6).
2, 263
Let n = 20 - 8. Let w be 80/3*n/8. Suppose -w = -6*b + b. List the prime factors of b.
2
Let l(d) = -31*d + 206. List the prime factors of l(-23).
919
Let b(y) = 75*y - 20. List the prime factors of b(8).
2, 5, 29
Suppose 38262 = 17*x - 21340. List the prime factors of x.
2, 1753
Suppose 0 = 4*i - 5*o + 48, 31 = -5*i - 2*o + o. List the prime factors of ((-325)/35 + -1)*i.
2, 3
Let g(w) = -2*w**3 + w**2 + 3*w - 3. Let z be g(2). List the prime factors of (-7)/(-3) + -3 - 60/z.
2, 3
Let l(k) = k**3 - 12*k**2 + 20*k + 7. Let b be l(10). Suppose 6*y - 43 = -b. List the prime factors of y.
2, 3
Let z = -299 + 498. What are the prime factors of z?
199
Let m be 211/(-5) + 2/10. Let v = 72 + m. Suppose v = 3*i + 2*i. List the prime factors of i.
2, 3
Suppose b = 3 + 2. Suppose -b*y = -c + 13, 0 = -2*c + c + 4*y + 17. List the prime factors of c.
3, 11
Suppose 7*m + 12 = -9. Let p(z) = 6*z**2 + 4*z - 2. What are the prime factors of p(m)?
2, 5
Suppose -2*i + 24 = 4*i. Suppose -2*x - 108 = -i*p - x, -27 = -p - 3*x. Let h = -23 + p. List the prime factors of h.
2
Suppose -3*i + 2*i + 2 = 0. Suppose 0 = -2*s - 0*x - 2*x + 2, 0 = s - x - 11. Let v = s - i. List the prime factors of v.
2
Suppose -196 - 64 = -2*l. List the prime factors of -2 - (l - -4)/(-1).
2, 3, 11
List the prime factors of -30*42/(-35) + 2.
2, 19
Suppose -41 - 215 = -8*k. Suppose k - 167 = -9*r. What are the prime factors of r?
3, 5
Let j(c) = -2*c**3 - 6*c**2 + 6*c + 13. What are the prime factors of j(-6)?
193
Suppose 3*v + 3*n = 13623, 0 = -3*v - 5*n + 14078 - 465. List the prime factors of v.
2, 2273
Suppose -328 - 964 = -4*s. List the prime factors of s.
17, 19
Suppose 2378 = -7*y + 11240. What are the prime factors of y?
2, 3, 211
Let s(n) = -140*n + 157. List the prime factors of s(-16).
3, 17, 47
Suppose -7*w + 2755 + 11742 = 0. List the prime factors of w.
19, 109
Let i = 9 + -5. Suppose -i*d = -3*d - 9. Suppose 5*k - 5*l - 175 = 0, 3*l + 52 - d = k. What are the prime factors of k?
31
Let h = 442 - 115. Let k = -172 + h. List the prime factors of k.
5, 31
What are the prime factors of 2/(-17) + ((-10510)/(-34) - -8)?
317
Suppose -3*j - 2 = 4*l, 3*l + 10 = -3*j + 7*l. Let i be (6/(-4))/(1/(-12)). Let o = i + j. List the prime factors of o.
2
Let l = 2567 - 783. What are the prime factors of l?
2, 223
Let t(q) = -13*q - 1. Let u be t(1). Let m = u + 14. Suppose 2*h + 4*n - 26 = m, 0 = h - 4*n + 3 + 2. List the prime factors of h.
7
Let a(f) = -2*f + 17. Suppose -3*b + 23 - 2 = 0. What are the prime factors of a(b)?
3
Let a(h) = -10*h - 7. Let o be a(-1). Suppose 5*u + 2*n - 505 = -3*n, 406 = 4*u + o*n. What are the prime factors of u?
103
Suppose 112*h - 123*h + 3113 = 0. List the prime factors of h.
283
Let v = -1 + 43. List the prime factors of 12/v - -179*(-3)/(-7).
7, 11
Let q = -15 + 30. Let s be 55/q - (-8)/(-12). Suppose -n + s*n = 12. What are the prime factors of n?
2, 3
Let a(z) = -2*z**3 + 13*z**2 + 8*z - 3. Let p be a(7). Let b = 73 - -70. Suppose 6*y - b = y - 2*u, 2*y - p*u = 38. What are the prime factors of y?
3
Suppose -6*h = -h. Suppose h = -5*r + 20 - 0. List the prime factors of (-6)/(-4)*24/r.
3
Let v(a) = -114*a + 108. What are the prime factors of v(-22)?
2, 3, 109
Let v be (-6)/2 - (-288)/(6 - 4). Suppose 3*d = v - 21. List the prime factors of d.
2, 5
What are the prime factors of 11 - ((-44)/4 - 3201)?
11, 293
Suppose 0 = 3*c, 0 = -5*b - 3*c + 23 - 8. Suppose -q + b*s - 2 = 2, -5*q + 2*s = -19. Suppose 5*n - q*t = 95, n + 3 - 13 = -2*t. List the prime factors of n.
2
Let b be (-6)/3*(-4 - 4). Let m = -6 - -9. Suppose m = -u + b. What are the prime factors of u?
13
Let v = 3594 + -2305. List the prime factors of v.
1289
Suppose 5*q + 1 - 21 = 0. Suppose q*k + 80 = 8*k. What are the prime factors of k?
2, 5
Suppose -4*v = -5*o - 2270 - 2529, 3*o = v - 1191. List the prime factors of v.
2, 3, 67
Let y = -78 + -74. Let i = y - -237. What are the prime factors of i?
5, 17
Suppose -7*c = -57 - 13. Let w(p) = p**2 - 3*p - 16. What are the prime factors of w(c)?
2, 3
Suppose -2*z + 10842 - 3194 = 0. List the prime factors of z.
2, 239
Let v(c) = c**2 + 10*c - 43. List the prime factors of v(-22).
13, 17
Let m(p) = -p + 23. Let t(f) = f - 24. Let r(y) = -5*m(y) - 4*t(y). Let b be r(-9). Let q = 12 - b. List the prime factors of q.
2, 5
Let x be 8 + -3 - 3 - -2. Suppose -2*d = -4, 0*d - 502 = -x*w - 3*d. List the prime factors of ((-5)/10)/((-2)/w).
31
Suppose -3*n = -15, -4*n - 4 = 3*f - 57. Let p = 12 - f. Let t(l) = 19*l**2 + l. What are the prime factors of t(p)?
2, 5
Let p(z) = 5*z + 11. Let n be p(-4). Let q = -6 - n. Suppose 0 = q*g - 41 + 8. List the prime factors of g.
11
Let a be ((-88)/(-77))/(2/7). What are the prime factors of (7 - a) + (-7)/(28/(-696))?
3, 59
Let z(g) be the third derivative of g**5/20 - 7*g**4/24 - 5*g**3/3 - 11*g**2. List the prime factors of z(6).
2, 7
Let r be 14644/36 + -3 - 2/(-9). Let s = -160 + r. What are the prime factors of s?
2, 61
Let a = 946 + -490. Suppose n - 5*n + 4*b = -a, b = 5*n - 590. List the prime factors of n.
7, 17
Let x = -1156 + 1841. List the prime factors of x.
5, 137
Suppose -3*c + 1000 = -5*x, 3*x + 3*c = 4*x + 200. List the prime factors of (x/(-15))/(-1)*-3.
2, 5
Let z be (767/(-26))/(1/(-2)). Suppose 2*i - z = 25. What are the prime factors of i?
2, 3, 7
Suppose -3*w + 276 = -27. Let t = 234 - w. What are the prime factors of t?
7, 19
Let f(s) = 33*s + 102. What are the prime factors of f(-3)?
3
Let u be (5 + 16)*6/7. Suppose -3*q + 22 = -2*r, -u = 5*r + 7. Suppose -3*k + 5*f - 7 = -51, -q*k + 77 = -3*f. List the prime factors of k.
23
Let d be (-2)/4*-2 + -18. Let c = d - -7. Let p(r) = -r**2 - 12*r - 14. What are the prime factors of p(c)?
2, 3
Suppose -5*i + 793 = -1692. List the prime factors of i.
7, 71
Let h = -506 + 1017. Suppose -5*f - 2*f + h = 0. List the prime factors of f.
73
Let v = 22 + 2. Let w 